{"id":516,"date":"2020-10-23T22:56:15","date_gmt":"2020-10-23T22:56:15","guid":{"rendered":"https:\/\/theke.io\/blog\/?page_id=516"},"modified":"2022-07-11T16:52:08","modified_gmt":"2022-07-11T16:52:08","slug":"capacitaciones","status":"publish","type":"page","link":"https:\/\/theke.io\/blog\/capacitaciones\/","title":{"rendered":"Capacitaciones"},"content":{"rendered":"\n<p>En esta secci\u00f3n encontraras todos los videos de las capacitaciones que realizamos sobre el uso de Koha<\/p>\n\n\n\n<h2 class=\"wp-block-heading\">Usuarios<\/h2>\n\n\n\n<figure class=\"wp-block-embed is-type-video is-provider-youtube wp-block-embed-youtube wp-embed-aspect-16-9 wp-has-aspect-ratio\"><div class=\"wp-block-embed__wrapper\">\n<iframe loading=\"lazy\" title=\"Capa 1: Usuarios\" width=\"750\" height=\"422\" src=\"https:\/\/www.youtube.com\/embed\/dwNxZpz6JKI?feature=oembed\" frameborder=\"0\" allow=\"accelerometer; autoplay; clipboard-write; encrypted-media; gyroscope; picture-in-picture; web-share\" allowfullscreen><\/iframe>\n<\/div><\/figure>\n\n\n\n<h2 class=\"wp-block-heading\">Catalogaci\u00f3n<\/h2>\n\n\n\n<figure class=\"wp-block-embed is-type-video is-provider-youtube wp-block-embed-youtube wp-embed-aspect-16-9 wp-has-aspect-ratio\"><div class=\"wp-block-embed__wrapper\">\n<iframe loading=\"lazy\" title=\"Capacitaci\u00f3n 2 Catalogaci\u00f3n\" width=\"750\" height=\"422\" src=\"https:\/\/www.youtube.com\/embed\/xTn6EDluY3M?feature=oembed\" frameborder=\"0\" allow=\"accelerometer; autoplay; clipboard-write; encrypted-media; gyroscope; picture-in-picture; web-share\" allowfullscreen><\/iframe>\n<\/div><\/figure>\n\n\n\n<h2 class=\"wp-block-heading\">Anal\u00edticas <\/h2>\n\n\n\n<figure class=\"wp-block-embed is-type-video is-provider-youtube wp-block-embed-youtube wp-embed-aspect-16-9 wp-has-aspect-ratio\"><div class=\"wp-block-embed__wrapper\">\n<iframe loading=\"lazy\" title=\"Capa 3: Analiticas\" width=\"750\" height=\"422\" src=\"https:\/\/www.youtube.com\/embed\/dVg4vvvpqrc?feature=oembed\" frameborder=\"0\" allow=\"accelerometer; autoplay; clipboard-write; encrypted-media; gyroscope; picture-in-picture; web-share\" allowfullscreen><\/iframe>\n<\/div><\/figure>\n\n\n\n<h2 class=\"wp-block-heading\">Autoridades<\/h2>\n\n\n\n<figure class=\"wp-block-embed is-type-video is-provider-youtube wp-block-embed-youtube wp-embed-aspect-16-9 wp-has-aspect-ratio\"><div class=\"wp-block-embed__wrapper\">\n<iframe loading=\"lazy\" title=\"Capa 4: Autoridades Pt.1\" width=\"750\" height=\"422\" src=\"https:\/\/www.youtube.com\/embed\/uqS2UycCf44?feature=oembed\" frameborder=\"0\" allow=\"accelerometer; autoplay; clipboard-write; encrypted-media; gyroscope; picture-in-picture; web-share\" allowfullscreen><\/iframe>\n<\/div><\/figure>\n\n\n\n<figure class=\"wp-block-embed is-type-video is-provider-youtube wp-block-embed-youtube wp-embed-aspect-16-9 wp-has-aspect-ratio\"><div class=\"wp-block-embed__wrapper\">\n<iframe loading=\"lazy\" title=\"Capa 4 : Autoridades Pt. 2\" width=\"750\" height=\"422\" src=\"https:\/\/www.youtube.com\/embed\/e4Z1Kxj66tg?feature=oembed\" frameborder=\"0\" allow=\"accelerometer; autoplay; clipboard-write; encrypted-media; gyroscope; picture-in-picture; web-share\" allowfullscreen><\/iframe>\n<\/div><\/figure>\n\n\n\n<figure class=\"wp-block-embed is-type-video is-provider-youtube wp-block-embed-youtube wp-embed-aspect-16-9 wp-has-aspect-ratio\"><div class=\"wp-block-embed__wrapper\">\n<iframe loading=\"lazy\" title=\"Capa 4 : Autoridades Pt. 3\" width=\"750\" height=\"422\" src=\"https:\/\/www.youtube.com\/embed\/xf_YgkSDiEA?feature=oembed\" frameborder=\"0\" allow=\"accelerometer; autoplay; clipboard-write; encrypted-media; gyroscope; picture-in-picture; web-share\" allowfullscreen><\/iframe>\n<\/div><\/figure>\n","protected":false},"excerpt":{"rendered":"<p>En esta secci\u00f3n encontraras todos los videos de las capacitaciones que realizamos sobre el uso de Koha Usuarios Catalogaci\u00f3n Anal\u00edticas Autoridades<\/p>\n","protected":false},"author":2,"featured_media":0,"parent":0,"menu_order":0,"comment_status":"closed","ping_status":"closed","template":"","meta":{"footnotes":""},"class_list":["post-516","page","type-page","status-publish","hentry","nodate","item-wrap"],"_links":{"self":[{"href":"https:\/\/theke.io\/blog\/wp-json\/wp\/v2\/pages\/516","targetHints":{"allow":["GET"]}}],"collection":[{"href":"https:\/\/theke.io\/blog\/wp-json\/wp\/v2\/pages"}],"about":[{"href":"https:\/\/theke.io\/blog\/wp-json\/wp\/v2\/types\/page"}],"author":[{"embeddable":true,"href":"https:\/\/theke.io\/blog\/wp-json\/wp\/v2\/users\/2"}],"replies":[{"embeddable":true,"href":"https:\/\/theke.io\/blog\/wp-json\/wp\/v2\/comments?post=516"}],"version-history":[{"count":4,"href":"https:\/\/theke.io\/blog\/wp-json\/wp\/v2\/pages\/516\/revisions"}],"predecessor-version":[{"id":909,"href":"https:\/\/theke.io\/blog\/wp-json\/wp\/v2\/pages\/516\/revisions\/909"}],"wp:attachment":[{"href":"https:\/\/theke.io\/blog\/wp-json\/wp\/v2\/media?parent=516"}],"curies":[{"name":"wp","href":"https:\/\/api.w.org\/{rel}","templated":true}]}}